 325?
325
What is the greatest common divisor of 3680320 and 3922?
106
What is the greatest common factor of 1193 and 190282307?
1193
Calculate the greatest common divisor of 36 and 6784788.
12
What is the greatest common factor of 4987904 and 677069?
4871
What is the greatest common divisor of 391 and 1116559932?
391
Calculate the greatest common divisor of 2707965 and 130.
65
What is the highest common divisor of 302495 and 150288?
101
What is the greatest common divisor of 17219304 and 108?
108
Calculate the highest common factor of 493 and 92768303.
493
What is the highest common factor of 46 and 862727746?
46
Calculate the greatest common divisor of 60101470 and 1430.
1430
What is the highest common divisor of 73865 and 35275?
85
What is the greatest common factor of 1965942 and 198?
198
What is the greatest common factor of 2466546 and 4278?
186
Calculate the highest common factor of 16265934 and 972.
486
Calculate the highest common divisor of 52134025 and 25.
25
Calculate the greatest common divisor of 391 and 582641.
17
What is the highest common factor of 25 and 1002677600?
25
What is the greatest common divisor of 67628 and 707542?
638
Calculate the highest common factor of 966988880 and 7005.
2335
What is the highest common factor of 25422236 and 33698?
1162
What is the highest common divisor of 179399 and 15983?
11
Calculate the greatest common divisor of 72 and 233884392.
24
Calculate the highest common factor of 154241 and 1649.
17
Calculate the greatest common divisor of 3948 and 100392705.
987
Calculate the greatest common divisor of 32740 and 4940.
20
Calculate the greatest common divisor of 6398072 and 8.
8
Calculate the highest common divisor of 300981242 and 152.
38
What is the highest common divisor of 160867 and 98758?
67
Calculate the greatest common divisor of 272680 and 86904.
136
Calculate the highest common divisor of 52 and 20033702.
26
Calculate the greatest common factor of 198 and 184823793.
99
What is the highest common factor of 27633 and 3371592?
183
Calculate the highest common factor of 182103840 and 2160.
720
What is the highest common factor of 5758 and 11363413?
2879
Calculate the greatest common factor of 3446661 and 333.
111
Calculate the highest common divisor of 112001424 and 15696.
5232
What is the highest common divisor of 211250 and 57122?
338
Calculate the greatest common divisor of 127602 and 397278.
54
Calculate the highest common divisor of 43857349 and 109.
109
Calculate the greatest common factor of 4132295 and 575.
115
Calculate the greatest common divisor of 245106841 and 49.
7
Calculate the greatest common divisor of 81257 and 721523.
979
Calculate the greatest common factor of 130785 and 947895.
15
Calculate the highest common divisor of 544363 and 420608.
53
Calculate the greatest common factor of 1700817790 and 2170.
2170
What is the greatest common divisor of 268580 and 25805?
65
What is the greatest common divisor of 52197 and 1447038?
381
Calculate the greatest common factor of 19824492 and 8122.
262
Calculate the greatest common divisor of 5711102 and 274628.
1934
What is the greatest common factor of 1287818 and 25381?
17
What is the highest common divisor of 9428 and 828961614?
4714
What is the highest common factor of 112 and 4468716?
28
Calculate the highest common divisor of 4556 and 7211009.
1139
What is the greatest common divisor of 615538 and 59384?
1142
Calculate the greatest common divisor of 3696986 and 2324.
166
What is the greatest common divisor of 124269 and 2070?
69
Calculate the highest common divisor of 3800 and 276530.
10
What is the greatest common factor of 570695 and 19625?
785
Calculate the highest common factor of 586382 and 3895.
41
What is the highest common divisor of 8203 and 25828723?
631
What is the highest common divisor of 152256 and 61122?
366
Calculate the highest common factor of 64 and 2583520.
32
Calculate the highest common factor of 201824926 and 4942.
706
What is the greatest common factor of 3788 and 3209383?
947
What is the greatest common divisor of 7172106 and 522?
174
What is the greatest common divisor of 9064347 and 59?
59
Calculate the greatest common factor of 1578486 and 6608.
826
Calculate the greatest common factor of 254436 and 269724.
1092
What is the highest common factor of 377132463 and 76?
19
What is the greatest common factor of 4450 and 23300?
50
What is the greatest common divisor of 26 and 33579468?
26
Calculate the greatest common factor of 472 and 24881008.
472
Calculate the greatest common factor of 1949745 and 93.
93
What is the greatest common divisor of 8478 and 2305074?
942
What is the highest common factor of 7666685 and 4085?
215
What is the greatest common divisor of 18067749 and 525?
21
What is the greatest common divisor of 148557 and 155388?
69
Calculate the greatest common factor of 310416 and 170868.
348
Calculate the highest common factor of 158614 and 1168382.
2234
Calculate the greatest common divisor of 2424 and 14841748.
404
What is the highest common divisor of 216 and 54294552?
72
Calculate the highest common divisor of 4434 and 938504874.
4434
Calculate the greatest common factor of 4033553 and 3033.
337
What is the highest common factor of 3160014 and 6699?
957
What is the highest common divisor of 609 and 904029?
21
What is the greatest common factor of 95 and 46052675?
95
Calculate the highest common factor of 614 and 26724350.
614
What is the greatest common divisor of 3070878 and 3618?
402
What is the highest common divisor of 69903 and 733550?
863
Calculate the highest common factor of 102 and 22849173.
51
What is the greatest common factor of 11448 and 5570883?
1431
What is the highest common divisor of 604401 and 6426?
357
Calculate the greatest common divisor of 117 and 2701647.
117
Calculate the greatest common factor of 132 and 238907658.
66
Calculate the highest common divisor of 109 and 95240058.
109
What is the greatest common factor of 8465280 and 528?
48
What is the highest common divisor of 153055 and 419755?
35
What is the highest common divisor of 4242950 and 50?
50
Calculate the greatest common divisor of 251164 and 288.
4
What is the greatest common divisor of 1197 and 58424877?
63
What is the greatest common factor of 1771757 and 697479?
8017
What is the greatest common divisor of 176186959 and 6695?
1339
What is the greatest common factor of 17163520 and 235840?
3520
Calculate the greatest common factor of 22 and 227237186.
22
Calculate the greatest common divisor of 529 and 2356.
1
What is the greatest common divisor of 29148042 and 21021?
1617
What is the highest common factor of 11338226 and 314?
314
What is the highest common divisor of 60 and 104299224?
12
What is the highest common factor of 2419 and 8135466?
41
What is the highest common divisor of 12398283 and 340025?
1943
What is the greatest common divisor of 144340530 and 90?
30
Calculate the highest common divisor of 2123 and 7349247.
193
What is the highest common divisor of 238 and 20750506?
238
Calculate the greatest common divisor of 49879929 and 996.
249
What is the highest common divisor of 1715 and 57900?
5
What is the greatest common factor of 985072 and 524?
4
What is the highest common factor of 4317505 and 5125?
205
Calculate the highest common divisor of 24732505 and 9555.
245
Calculate the greatest common divisor of 53822 and 1394.
34
What is the highest common factor of 100028293 and 589?
19
Calculate the greatest common divisor of 1529 and 1296819821.
1529
What is the greatest common divisor of 564 and 9092?
4
What is the highest common divisor of 19547 and 1507?
11
Calculate the highest common factor of 147805 and 28331.
41
Calculate the highest common divisor of 6500 and 13190.
10
What is the highest common divisor of 20925 and 433350?
675
Calculate the greatest common factor of 39569130 and 3163.
3163
Calculate the greatest common divisor of 876 and 13859926.
146
What is the highest common factor of 4992 and 112888620?
156
Calculate the greatest common factor of 10897058 and 620.
62
Calculate the highest common divisor of 497015 and 25145.
535
Calculate the highest common factor of 3978 and 21380866.
442
Calculate the greatest common factor of 1655147 and 18772.
247
What is the greatest com